7
What is the remainder when 34 is divided by 23?
11
What is the remainder when 1095 is divided by 280?
255
Calculate the remainder when 2196 is divided by 63.
54
What is the remainder when 237 is divided by 177?
60
What is the remainder when 254 is divided by 10?
4
What is the remainder when 3623 is divided by 894?
47
What is the remainder when 203 is divided by 3?
2
What is the remainder when 134 is divided by 9?
8
What is the remainder when 1695 is divided by 146?
89
Calculate the remainder when 35 is divided by 17.
1
What is the remainder when 540 is divided by 356?
184
Calculate the remainder when 292 is divided by 76.
64
What is the remainder when 2407 is divided by 86?
85
Calculate the remainder when 469 is divided by 158.
153
Calculate the remainder when 463 is divided by 78.
73
What is the remainder when 2412 is divided by 20?
12
What is the remainder when 111 is divided by 29?
24
Calculate the remainder when 736 is divided by 721.
15
What is the remainder when 67 is divided by 7?
4
Calculate the remainder when 10532 is divided by 2630.
12
Calculate the remainder when 115 is divided by 9.
7
Calculate the remainder when 101 is divided by 14.
3
Calculate the remainder when 276 is divided by 70.
66
Calculate the remainder when 3377 is divided by 18.
11
Calculate the remainder when 370 is divided by 25.
20
Calculate the remainder when 34 is divided by 10.
4
Calculate the remainder when 570 is divided by 70.
10
Calculate the remainder when 15 is divided by 12.
3
Calculate the remainder when 534 is divided by 41.
1
Calculate the remainder when 621 is divided by 104.
101
What is the remainder when 18 is divided by 5?
3
What is the remainder when 810 is divided by 120?
90
Calculate the remainder when 1043 is divided by 30.
23
What is the remainder when 81 is divided by 5?
1
Calculate the remainder when 3129 is divided by 47.
27
What is the remainder when 49 is divided by 11?
5
What is the remainder when 37 is divided by 16?
5
What is the remainder when 1336 is divided by 376?
208
Calculate the remainder when 859 is divided by 87.
76
Calculate the remainder when 314 is divided by 63.
62
What is the remainder when 687 is divided by 178?
153
What is the remainder when 34 is divided by 13?
8
Calculate the remainder when 864 is divided by 7.
3
What is the remainder when 174 is divided by 13?
5
What is the remainder when 507 is divided by 129?
120
What is the remainder when 7090 is divided by 3543?
4
Calculate the remainder when 267 is divided by 67.
66
Calculate the remainder when 597 is divided by 46.
45
Calculate the remainder when 592 is divided by 54.
52
Calculate the remainder when 703 is divided by 32.
31
Calculate the remainder when 485 is divided by 9.
8
Calculate the remainder when 79 is divided by 72.
7
What is the remainder when 186 is divided by 63?
60
Calculate the remainder when 1522 is divided by 170.
162
What is the remainder when 195 is divided by 58?
21
Calculate the remainder when 1292 is divided by 427.
11
What is the remainder when 77 is divided by 13?
12
Calculate the remainder when 1366 is divided by 80.
6
Calculate the remainder when 102 is divided by 57.
45
Calculate the remainder when 3232 is divided by 42.
40
What is the remainder when 184 is divided by 184?
0
Calculate the remainder when 144 is divided by 72.
0
What is the remainder when 146 is divided by 144?
2
Calculate the remainder when 411 is divided by 410.
1
What is the remainder when 806 is divided by 246?
68
What is the remainder when 80 is divided by 41?
39
What is the remainder when 288 is divided by 10?
8
What is the remainder when 71 is divided by 19?
14
What is the remainder when 620 is divided by 76?
12
What is the remainder when 3670 is divided by 102?
100
What is the remainder when 368 is divided by 335?
33
Calculate the remainder when 1559 is divided by 57.
20
Calculate the remainder when 1676 is divided by 59.
24
Calculate the remainder when 111 is divided by 8.
7
What is the remainder when 348 is divided by 39?
36
Calculate the remainder when 474 is divided by 271.
203
Calculate the remainder when 1708 is divided by 15.
13
Calculate the remainder when 364 is divided by 84.
28
Calculate the remainder when 2878 is divided by 125.
3
Calculate the remainder when 3046 is divided by 109.
103
Calculate the remainder when 238 is divided by 61.
55
What is the remainder when 556 is divided by 43?
40
What is the remainder when 188 is divided by 69?
50
What is the remainder when 399 is divided by 31?
27
What is the remainder when 104 is divided by 60?
44
Calculate the remainder when 1332 is divided by 67.
59
What is the remainder when 9 is divided by 2?
1
Calculate the remainder when 24430 is divided by 11.
10
What is the remainder when 398 is divided by 6?
2
What is the remainder when 366 is divided by 97?
75
What is the remainder when 1173 is divided by 202?
163
What is the remainder when 1207 is divided by 21?
10
What is the remainder when 982 is divided by 322?
16
Calculate the remainder when 122 is divided by 32.
26
What is the remainder when 70 is divided by 36?
34
Calculate the remainder when 8359 is divided by 95.
94
Calculate the remainder when 19593 is divided by 194.
193
What is the remainder when 248 is divided by 25?
23
Calculate the remainder when 1506 is divided by 126.
120
What is the remainder when 9849 is divided by 50?
49
What is the remainder when 1293 is divided by 54?
51
Calculate the remainder when 326 is divided by 82.
80
What is the remainder when 3231 is divided by 21?
18
What is the remainder when 165 is divided by 13?
9
Calculate the remainder when 3484 is divided by 17.
16
What is the remainder when 184 is divided by 31?
29
What is the remainder when 152 is divided by 103?
49
Calculate the remainder when 893 is divided by 233.
194
What is the remainder when 656 is divided by 30?
26
What is the remainder when 320 is divided by 23?
21
What is the remainder when 27 is divided by 10?
7
What is the remainder when 183 is divided by 47?
42
Calculate the remainder when 109 is divided by 91.
18
What is the remainder when 14 is divided by 8?
6
What is the remainder when 139 is divided by 5?
4
What is the remainder when 117 is divided by 42?
33
Calculate the remainder when 52 is divided by 19.
14
Calculate the remainder when 901 is divided by 54.
37
Calculate the remainder when 4769 is divided by 10.
9
Calculate the remainder when 121 is divided by 23.
6
What is the remainder when 642 is divided by 210?
12
What is the remainder when 7717 is divided by 241?
5
Calculate the remainder when 67 is divided by 49.
18
Calculate the remainder when 1410 is divided by 157.
154
Calculate the remainder when 66 is divided by 14.
10
Calculate the remainder when 10 is divided by 4.
2
What is the remainder when 63 is divided by 34?
29
What is the remainder when 1322 is divided by 427?
41
Calculate the remainder when 233 is divided by 14.
9
Calculate the remainder when 4506 is divided by 161.
159
What is the remainder when 775 is divided by 180?
55
Calculate the remainder when 8474 is divided by 25.
24
Calculate the remainder when 1686 is divided by 106.
96
What is the remainder when 107 is divided by 99?
8
Calculate the remainder when 825 is divided by 117.
6
What is the remainder when 93 is divided by 31?
0
What is the remainder when 7574 is divided by 757?
4
What is the remainder when 470 is divided by 465?
5
What is the remainder when 3075 is divided by 18?
15
What is the remainder when 269 is divided by 29?
8
What is the remainder when 102 is divided by 75?
27
What is the remainder when 69 is divided by 45?
24
What is the remainder when 78 is divided by 27?
24
Calculate the remainder when 1978 is divided by 199.
187
Calculate the remainder when 172 is divided by 59.
54
What is the remainder when 9897 is divided by 180?
177
What is the remainder when 26599 is divided by 380?
379
What is the remainder when 77 is divided by 30?
17
Calculate the remainder when 507 is divided by 264.
243
Calculate the remainder when 215 is divided by 52.
7
Calculate the remainder when 71 is divided by 25.
21
What is the remainder when 209 is divided by 6?
5
What is the remainder when 149 is divided by 121?
28
What is the remainder when 209 is divided by 207?
2
Calculate the